Let j(t) be the first derivative of -t**3 + t**2/2 + 4*t + 3052. Give j(k).
-10
Let p(f) = f**2 - 3*f - 3. Let s(o) be the second derivative of -o**4/12 + 5*o**3/3 - 5*o**2/2 - 2*o. Let m = 5848 - 5839. Let w be s(m). Determine p(w).
1
Suppose -31*u + 32*u = 0. Let o(g) be the third derivative of -g**4/12 + 7*g**3/6 + 20*g**2 - 10*g. Give o(u).
7
Let f(r) = -r**3 - 11*r**2 - 10*r - 3. Let y(p) be the second derivative of -3*p**4/4 - 53*p**3/6 - 2*p**2 + 191*p. Let d be y(-6). What is f(d)?
-3
Let m(w) = 6*w**2 - 5 + 0*w - w**2 - 6*w**2 - 5*w. Let z(s) be the first derivative of s**2/2 + 2*s - 11. Let n be z(-6). What is m(n)?
-1
Let i be 46/8 + 4/16. Let p be 24/42*((-63)/i)/(-3). Let l(d) = 8*d**2 + 10*d - 12*d + 1 - 6*d**p. What is l(-2)?
13
Suppose -4*b - 8 = f, 1 = 2*f - 3*b - 27. Suppose 2*a + f = 8. Suppose a = -2*w + 4*n + 6, 4*n + n = 4*w. Let d(x) = -x**3 - 4*x**2 + 7*x + 4. Calculate d(w).
-6
Let n(z) = 6*z**2 + 45*z - 20. Let g(c) = -2*c**2 - 8. Let k(u) = 4*g(u) + n(u). Determine k(21).
11
Let k(z) be the first derivative of -7*z**6/360 + z**4/24 + 5*z**3/3 - 2*z**2 - 30. Let y(h) be the third derivative of k(h). Give y(1).
-6
Suppose 42*h + 161 = 623. Let d(r) = -3*r - 11. Let u(o) = 8*o + 33. Let i(z) = -17*d(z) - 6*u(z). Calculate i(h).
22
Let l(o) be the second derivative of -1/12*o**4 + 4/3*o**3 - 5/2*o**2 + 0 - 242*o. Calculate l(8).
-5
Let b(o) = -o**3 + 7*o**2 + 8. Suppose 5*v = 308 - 283. Calculate b(v).
58
Let g = -435 + 439. Suppose 76 = -g*v + 56. Let c(d) = d**2 + d. Calculate c(v).
20
Let q(g) = 2*g**2 + 4*g - 465. Let z(u) = 2*u**2 + 3*u - 349. Let t(j) = 3*q(j) - 4*z(j). Suppose -w - 4 + 2 = 0. Give t(w).
-7
Let m = 48 + -46. Let x(h) = m + 4 + 21*h - 14*h - 9*h. Suppose -v - 2 = -6. What is x(v)?
-2
Let u(m) = 5*m + 6. Let h(o) = -o. Let g(y) = -4*h(y) - u(y). Let c(s) = -7*s**2 - 11*s + 10. Suppose n = -95 + 96. Let d be c(n). Determine g(d).
2
Let h(g) = 31*g**3 + 49*g**2 + 18*g + 11. Let u(w) = -18*w**3 - 25*w**2 - 9*w - 6. Let k(m) = 3*h(m) + 5*u(m). What is k(-7)?
-11
Let m(c) = 2*c**3 + c**2 - c + 10. Let j(h) = h**2 + 3. Let f(o) = 3*j(o) - m(o). Give f(2).
-7
Let z(q) = q**2 + 10*q + 15. Let m be 3/7 + 1743/49. Suppose 43*j - 37*j + m = 0. Give z(j).
-9
Let q(c) = c**3 + 10*c**2 - 11*c - 9. Let f be (69/92)/((-1)/(-52)). Suppose f = -3*x + 2*b, -4*x - 29 = 8*b - 3*b. Calculate q(x).
-9
Let o(c) be the first derivative of -c**3/6 + 13*c + 23. Let n(w) be the first derivative of o(w). Suppose 0 = h - 3*h + 16. Calculate n(h).
-8
Let h(f) = -f - 10. Let o(x) = 41 + 54*x - 100*x + 51*x. Let r(w) = 9*h(w) + 2*o(w). Determine r(9).
1
Suppose 3*h + 11*h = -0*h. Let i(r) = h*r**2 + r - 83*r**3 - 3*r**2 + 163*r**3 - 81*r**3. Let q be 6/4*2/(-1). Determine i(q).
-3
Suppose -5*r + m = -3*r - 4, m = 3*r - 8. Let b be r*1*(12 + -13). Let d(f) = 7*f - 3*f + f**3 + 4 - 3 + 5*f**2 - 2. What is d(b)?
-1
Let c(v) = -18*v - 47. Let x be c(-4). Suppose -4*u - 4*o - 28 = 0, -2*o + 18 = u + x. Let w(g) = g - 6. Determine w(u).
-13
Let i(a) = 2*a - 5. Let k = -59 + 61. Let j be i(k). Let x(v) be the third derivative of v**5/60 - v**4/24 - v**3/6 - 4*v**2. Determine x(j).
1
Suppose l - 4*x = 9, -5*x - 8 = -111*l + 113*l. Let u(f) = -6*f. Determine u(l).
-6
Suppose -2*b = 1 + 1. Let m(k) = k**3 + k**2 - 7*k - 1. Let i(c) = 9*c**3 - 2*c**2 + 23*c + 4. Let l(g) = i(g) + 3*m(g). Give l(b).
-12
Let p = -62 + 64. Let r(c) = -c**3 - 195*c**p + 203*c**2 - 6*c + 0 - 1. Let v be r(7). Let i(z) = z**3 - 5*z**2 - 5*z - 2. Give i(v).
4
Let l(x) be the second derivative of -x**6/360 + x**5/40 - 7*x**4/24 - 109*x**3/3 + 30*x + 2. Let q(c) be the second derivative of l(c). Give q(5).
-17
Let c(a) = -a**3 - a**2 + a. Let d(y) = -5*y**3 + 2*y**2 - y + 4. Let q(s) = -4*c(s) + d(s). Let o be 445905/88695 - (-2)/(-73). Determine q(o).
4
Let h(x) = 76*x + 19*x - 84 - 35*x + 58 + 3*x**2. Calculate h(-19).
-83
Let d(q) = 25*q**2 - 31*q + 5. Let m(j) = 3*j**2 - 2*j - 1. Let u(n) = d(n) - 8*m(n). What is u(17)?
47
Let p(b) = 11*b**3 - 5*b**2 + 3*b - 2. Let q be p(1). Let i(l) = -3*l**2 + 4*l + 20. What is i(q)?
-99
Let p(f) be the second derivative of f**4/4 - 4*f**3 - 7*f**2/2 + 27*f + 2. Calculate p(8).
-7
Let s = -15286 - -15274. Let x(r) = r**2 + 11*r - 21. Determine x(s).
-9
Let i(b) = -b**2 + 5*b - 4. Let h(o) = 18*o - 178. Let d be h(19). Suppose 160*j - d*j = -20. Give i(j).
-4
Let h = 219 + -103. Let t(j) = j + h*j**2 - 4 + 6 - 120*j**2 - j**3. Suppose 0 = x + 2. What is t(x)?
-8
Let j(b) = -b**2 + 4*b + 1. Let m(y) = -y**2 - 8*y - 9. Suppose -s - s - 166 = 5*a, -a = s + 32. Let f = a + 28. Let w be m(f). Calculate j(w).
4
Let p(a) = -11*a + 24. Let v be (376/(-12) - -33)*(-1)/(-10)*12. Determine p(v).
2
Let c = -4625 + 4618. Let s(j) = 2*j**2 + 13*j - 9. Determine s(c).
-2
Let t = 219 - 204. Let p(g) = 6 + t - 11 - g**2 + 5*g. Determine p(8).
-14
Let c(k) = -k**3 + 7*k**2 - k - 2. Let x be c(3). Let o(h) = -2*h + 5. Let b be o(-11). Suppose -l = b - x. Let w(a) = -a**2 + a - 4. Calculate w(l).
-16
Suppose 2*t + 4*c + 18 = 0, 0 = -2*t - 143*c + 146*c - 67. Let i(n) = -2*n**2 - 47*n - 52. Calculate i(t).
-29
Let z(w) = 12*w - 5. Suppose -1880 = -19*o - 1804. What is z(o)?
43
Let j(v) = -9*v + 43. Let p(g) = -12*g + 60. Let i(k) = -11*j(k) + 8*p(k). Let q be (-8 - -13)*((-54)/15)/3. Determine i(q).
-11
Let h(m) = -m**3 + m**2 + 24. Let k = 317 + -313. Suppose 5*c - s + 5 = 0, -k = 5*s - 29. Give h(c).
24
Let g(b) = 5*b**3 + b**2 + 3*b - 2. Let t(v) = 6*v**3 + v**2 + 5*v - 3. Let s = 236 - 234. Let i(y) = s*t(y) - 3*g(y). What is i(1)?
-3
Let m(d) = -2*d**3 - 22*d**2 + d - 3. Let b(n) = 18*n**3 + 198*n**2 - 11*n + 23. Let l(o) = 2*b(o) + 19*m(o). What is l(-11)?
22
Suppose 3*x + 1218 = r + 1235, 4*r = -3*x + 37. Let z(q) = -2*q + 4. Determine z(x).
-10
Let l(y) = -y - 3. Let r(w) = -w - 4. Let t(a) = 4*l(a) - 3*r(a). Suppose 18*o = -10*o + 168. Give t(o).
-6
Let p(u) = 4*u + 3. Let o(a) = 5*a**3 + a - 2. Suppose -91*m + 3 = -88*m. Let x be o(m). What is p(x)?
19
Let f(q) = -18*q + 30*q + 1 - 3 - 13*q + 3. Let v(h) = -h**2 + 6*h - 7. Let l be v(3). Let u(m) = m**3 - 2*m**2 + 2. Let o be u(l). Calculate f(o).
-1
Suppose 447*h - 435*h = 0. Let t(r) = r**2 - 16*r + 0*r + h + 9*r + 6. Calculate t(6).
0
Let z(l) = -17*l**3 - 8*l**2 + 35*l + 36. Let p(o) = 3*o**3 + 2*o**2 - 7*o - 7. Let w(g) = 11*p(g) + 2*z(g). Give w(4).
-1
Let x(u) = 4382*u + u**2 + 4422*u - 8801*u + 35. Give x(-7).
63
Let p(c) be the third derivative of -c**6/120 - 11*c**5/60 - 7*c**4/24 + 23*c**3/6 - 42*c**2. Let g be p(-10). Let o(i) = -i - 2. Determine o(g).
5
Let l(m) = -6*m**2 + 122*m - 24. Let x be l(20). Suppose -n = -3*c + 8, 3*n + c - x = -0. Let t(y) = 5*y + 5. Calculate t(n).
25
Let r(m) = m**3 + 12*m**2 + 19*m - 1. Suppose -365*i + 364*i + 4 = 14. Determine r(i).
9
Let g(j) = -j**2 + 8*j + 9. Let t be 3 - ((-10)/(-55) + (-75)/55*6). Determine g(t).
-24
Let y(x) = -3016*x**2 - 3017*x**2 + 6 - 6*x + 6035*x**2. Let g = 14 - 10. Determine y(g).
14
Suppose 34 = 5*d + 69. Let p be (0 + 1)*(-3 + 5). Let v(k) = p*k + 2 - 2 + 1 + 3. Determine v(d).
-10
Let q(i) = 0 + 5*i + 8 - 2*i**2 + 0*i**2 + 0*i**2. Suppose 4*v - g = 27, 37*v = 32*v - 4*g + 18. What is q(v)?
-34
Suppose 0 = o + 5*q - 27, -2*q - 1 = -9. Let z(a) = -4*a**3 + 4*a - o - 6*a**2 + 5*a**3 + 2*a**3 - 2*a**3. Let i(u) = -3*u + 38. Let v be i(11). Determine z(v).
-12
Let x be (3 - 1)*(-4)/2. Let t(l) = 6*l**3 - 10*l**2 + 5*l + 6. Let r(q) = -5*q**3 + 9*q**2 - 5*q - 6. Let d(y) = -7*r(y) - 6*t(y). What is d(x)?
2
Let b(q) = q**2 - 5*q - 3. Let v(f) = 4*f + 87. Suppose 15*i - 40 = 17*i. Let d be v(i). Calculate b(d).
11
Let i(v) be the third derivative of 0*v**4 + 0 + 1/60*v**5 + 28*v**2 - 1/6*v**3 + 0*v. Suppose -1 = -2*w - 3*q, -w = -3*q + 1 + 3. Calculate i(w).
0
Let c(q) be the first derivative of -1/4*q**4 + q + 0*q**2 - 35 + 2/3*q**3. Give c(2).
1
Let f be -2*-12*84/(-288). Let b(h) = -13*h - 62. Give b(f).
29
Let y(m) be the first derivative of 2*m**2 - 89*m + 1720. What is y(20)?
-9
Let p(k) = 4*k**2 + 6*k - 2. Let x be p(-3). Suppose i - 2*s = 10, 4 = -5*s - x. Let g(z) = 4*z**i - 46 - 6*z - 3*z**2 + 44. What is g(6)?
-2
Let s(m) = -m**3 - 21*m**2 - 106*m + 50. Let p be s(-9). Let c(l) = 5*l - 125. Determine c(p)